e -17 - 20 = -3*r + a, -3*r = -5*a - 41. Is 766 - 4/((-16)/r) prime?
True
Let z = 118 + -118. Suppose -5*d + 581 - 166 = z. Is d a composite number?
False
Suppose -23 = -m - 3*j + 140, m = 4*j + 128. Let i = m - -529. Is i a prime number?
True
Let j(k) = -k**3 - 5*k**2 - 2*k - 3. Let x be 2*(-3)/(-1 + -2). Suppose -5 = 3*d - x*d. Is j(d) prime?
True
Let x be -4*(9/(-12) - -2). Let a(z) = 34*z - 17. Let d be a(x). Let r = 66 - d. Is r a composite number?
True
Suppose 0 = s + 2 - 8. Suppose 3777 = s*m - 1953. Is m prime?
False
Let c = -3 + 21. Let l(b) = 47*b + 25. Is l(c) a composite number?
True
Is -69*1/12*-1252 a prime number?
False
Suppose 34270 - 5758 = -8*v. Let r = -1933 - v. Is r composite?
True
Let c(m) = -808*m - 179. Is c(-22) a prime number?
True
Let r = -1809 - -10500. Is r prime?
False
Let w = -9 + 24. Let i = w - 12. Suppose -5*u = t - 54, u = 3*u - i*t - 8. Is u composite?
True
Suppose 5*h - 4*d = 11 + 17, 2*h - 6 = -d. Let w = 64 - h. Suppose 387 + w = 3*l. Is l a prime number?
True
Let b be 8/(-8) - (-2444)/(1 - -1). Suppose -b = 6*w - 9*w. Is w prime?
False
Is -2 + (-4 + 65)/(4/92) a prime number?
False
Let p(g) = 3*g**3 + 5*g**2 - 7*g - 17. Is p(18) a prime number?
True
Let h(w) = 435*w - 251. Is h(15) a prime number?
False
Suppose -d = -494 + 29. Suppose -593 = -2*g + d. Is g composite?
True
Is (-5)/((-25)/(-2)) + (-113679)/(-85) prime?
False
Let v = -93 - -89. Let k(o) = -6*o**3 + 5*o**2 + 3*o - 1. Is k(v) a prime number?
False
Suppose 2*r = -s + 4*s - 4, -4 = -4*s + 3*r. Suppose -5*t - 4*y = -1093, s*y - 1262 + 390 = -4*t. Is t prime?
False
Suppose -4*f - 1662 = -2*n, -n = 3*f - 256 - 550. Is n composite?
False
Let p(l) = -420*l**3 - 4*l**2 + 4*l + 7. Is p(-4) composite?
True
Suppose -4*w - 212 = -4*r, w - 7 = -2. Is 5/((-15)/r)*(-2 - 1) a prime number?
False
Let h be (-47782)/28 - (-3)/6. Let n = -888 - h. Is n prime?
False
Let o(b) be the second derivative of 57*b**3 + 31*b**2/2 + 28*b. Is o(9) composite?
False
Suppose -4*b = -b + 3*s - 15, -4*s + 20 = 0. Suppose -3*m + 1636 + 371 = 3*v, -5*v + 5*m + 3385 = b. Is v prime?
True
Let o(q) = -128*q + 4. Let z be o(6). Let a be z/(-8) + 4/8. Suppose 4*d = 308 - a. Is d prime?
True
Let h = 518 - -306. Let i = 2167 - h. Is i prime?
False
Suppose -20 + 356 = 16*r. Suppose 4*j - 46 = 218. Suppose 0 = -v + j + r. Is v a prime number?
False
Let k(n) = 10*n + 4. Let l = 10 - 7. Is k(l) a prime number?
False
Suppose 3*t - c - 3814 = -0*c, 0 = -3*t - 5*c + 3808. Is t composite?
True
Suppose -24*y + 27830 + 706 = 0. Is y prime?
False
Suppose -2 = k - 23. Let p = -18 + k. Is 36 - 2 - p*-1 prime?
True
Let w be -4*((-44)/8 - -4). Let l(i) = 11*i**2 + 13. Is l(w) a composite number?
False
Suppose -8*t + 56 = -6*t. Let j = t - 40. Let q = 11 - j. Is q prime?
True
Suppose 5*p - 4*s = 4182, -2*p = p - 5*s - 2504. Let j = p - 467. Is j composite?
True
Is (-6)/(-18) + 14410/6 a prime number?
False
Suppose 2*t = 3*x + 20, -x - 24 = -2*t + 3*x. Suppose 0 = t*s - 2*s - 62. Is s a prime number?
True
Suppose -175 = -w + 71. Suppose 0 = -d + 893 + w. Is d composite?
True
Suppose -39*g = -41*g + 11938. Is g a composite number?
True
Suppose 0 = 11*m - 53643 + 17750. Is m a composite number?
True
Let i(j) = -2*j + 44. Let f be i(20). Suppose 0 = f*q - 12, -2*y - 2*y + 3*q + 499 = 0. Is y composite?
False
Is 2*(1 + 260328/16) composite?
True
Let a(t) = -t**3. Let g(w) = 48*w**3 - w**2 + w - 19. Let b(i) = -2*a(i) + g(i). Is b(5) prime?
True
Let n(w) = -w. Let u(k) = -3*k - 1. Let d(p) = -2*n(p) + 2*u(p). Let r be d(-7). Is 2986/r - (-4)/26 a composite number?
True
Let a = -38 - -38. Suppose -3*k + 2*k + 2*h + 2047 = 0, -3*k + 5*h + 6138 = a. Is k a prime number?
False
Let m(s) = s - 4. Let b be m(7). Suppose b*v + 14 = 488. Is v composite?
True
Let c(z) be the first derivative of -1/3*z**3 + 119*z + 1/4*z**4 + 1/2*z**2 - 1. Is c(0) a prime number?
False
Let l(q) be the third derivative of q**7/420 - q**6/720 - 2*q**5/15 + 7*q**4/24 - q**2. Let v(m) be the second derivative of l(m). Is v(-9) composite?
False
Suppose 0*f - f = -792. Suppose -f = -3*z + 2*j, 5*j + 801 = -3*z + 6*z. Is z a prime number?
False
Suppose -471 = -3*s + 894. Suppose m - 130 + s = 0. Let o = m + 718. Is o a prime number?
False
Let t(y) = 234*y**3 - 9*y**2 - 6*y - 28. Is t(7) prime?
False
Let f(v) = -5*v**3 + 19*v**2 - 5*v - 3. Is f(-10) a prime number?
True
Suppose 0 = -5*u + 17*u - 176556. Is u prime?
True
Suppose -i + 3*i - 12 = 0. Let r be 1 + 1 + i/3. Suppose -5*z + 1240 = 5*m, 449 + 77 = 2*z - r*m. Is z prime?
False
Suppose 4*q - 46 = 2. Let s(c) = c**3 - 24*c**2 - 27*c + 50. Let u be s(25). Suppose u = -q*a + 7*a + 175. Is a a composite number?
True
Let j(a) = 0*a**3 + 14*a - a**3 - 12*a + 14*a**2 + 7. Is j(14) a composite number?
True
Suppose -5*c + 164390 = 5*b, -5*c - 74025 = 2*b - 238424. Is c a composite number?
True
Let l be (-54)/18*(0 - 98/6). Let o = 250 - l. Is o composite?
True
Let u(h) = 53*h**3 - 5*h**2 + 5*h + 5. Is u(2) composite?
False
Let u = 17 + -13. Suppose -u*c + 333 = -559. Suppose -184 = -q + c. Is q composite?
True
Is 3/(-96596*(-14)/(-270473) - -5) prime?
True
Suppose -9459 = -f + 2*b, -5*b + 24574 + 3814 = 3*f. Is f prime?
True
Let t be 17/(-34)*(1 + 1). Suppose 4*d + 3 = -5. Is d*29*(0 + t) a composite number?
True
Suppose 4*b - 106705 = -s, -200*b + 106717 = s - 199*b. Is s prime?
True
Let g be 12/8 + 21/6. Suppose -4*p = g*s - 0*s - 8, -3*s + 12 = 0. Is 1949*(0 - (2 + p)) a composite number?
False
Let r = 87994 + -51593. Is r prime?
False
Suppose 0 = -8*r + 14980 + 50100. Is r prime?
False
Let g be 6/(-9)*(-5 - 1). Suppose -g*t - 1 - 7 = 0. Is 12/9*(-51)/t a composite number?
True
Suppose 0 = t - 7*t + 7554. Is 3*t*(3 - 8/3) a prime number?
True
Let p = 108 + 131. Is p a composite number?
False
Suppose 29877 - 1574 = 31*g. Is g prime?
False
Suppose z + 2*z - 9 = 0. Let x be ((-4)/z)/(2/(-3)). Is (-13203)/(-36) - x/(-8) prime?
True
Suppose -3*k = g - 10710, -7*k - 2*g = -8*k + 3563. Is k prime?
False
Suppose -50748 = -4*f - 8776. Is f composite?
True
Let y be 11*(2 + 59*(0 - -19)). Suppose -22*m + y + 78045 = 0. Is m prime?
False
Let q be -14 - 3*(-4)/6. Is ((-1347)/q)/((-2)/(-8)) composite?
False
Suppose 3676 = -16*q + 20*q. Is q prime?
True
Let q = 82663 + 78906. Is q a composite number?
False
Suppose -20*g = -18*g - 6. Suppose 2*j - g*k = 3*j - 984, 0 = -4*j - 3*k + 3963. Suppose 3*m - j = 5*d, 4*m - 623 - 701 = 3*d. Is m prime?
True
Let q(m) = m - 4. Let f(z) = 1. Let a(k) = -3*f(k) - q(k). Let u be a(5). Is u/(-12) + (-4362)/(-9) a prime number?
False
Suppose -518 - 56 = -2*a. Let d be (-238)/(-2261) - 2960/(-38). Let z = a - d. Is z a prime number?
False
Let l be (-6 - -6)/(-2 + 5). Suppose 10473 = 3*p - 3*k, l = p + k + k - 3497. Is p a prime number?
False
Let v = 2058 + -915. Let q be 2/(2 + v/(-573)). Suppose u = -u + q. Is u a composite number?
False
Is 6/9*31254/4 prime?
True
Suppose 4*o - 48 = z - 6*z, -2*z = -4*o - 8. Is z/44 - (-3820)/44 a prime number?
False
Let b be (-3)/(5/(50/(-6))). Suppose 0 = 3*s - b*v, -5*s + 3 = -5*v + 13. Is s*38*(-6)/20 a composite number?
True
Let a = -1327 - 1405. Is 2/1*(a/(-8))/1 composite?
False
Suppose -125*o + 2235 = -120*o. Is o a composite number?
True
Suppose -3 = 4*w - 5*w. Suppose 15 = 3*g - 4*m, 0*m = -2*g - w*m - 7. Suppose 5*r - 247 = 4*a + 102, g = -a. Is r a composite number?
True
Let s(i) be the third derivative of 17*i**8/10080 - i**7/1680 + i**6/360 - 7*i**5/60 - 5*i**2. Let x(c) be the third derivative of s(c). Is x(3) a prime number?
False
Let y = 22993 - 5208. Suppose 6983 - y = -5*n + 3*v, 4*v - 4 = 0. Is n a composite number?
False
Let s(q) = -6*q**2 + 14*q + 1. Let y(j) = 4*j**2 - 9*j - 1. Let a(d) = -5*s(d) - 8*y(d). Let u be a(-1). Is 3052/16 + u/(-4) a composite number?
False
Suppose 2*a = 9*a + 98. Is (914/a)/(8/(-56)) composite?
False
Suppose -3*i + 73 = 25. Suppose 3*c = 4*b + i, -6*c = -5*b - c - 20. Is (-1378)/(-13)*(-2)/b prime?
True
Let v(u) = u**2 - 31*u - 5. Let x(q) = -8*q - 1. Let f(l) = 2*v(l) - 9*x(l). Is f(10) a composite number?
True
Suppose x - 12675 = -2*x. Is (-1)/4 + x/20 a composite number?
False
Suppose 3*a = 3*w + 222, w + 67 - 2 = 4*a. Let k be -1 - 26/(-6) - 160/(-240). Is (w/k)/((-5)/20) a composit